{"id":1883,"date":"2026-01-29T07:52:25","date_gmt":"2026-01-29T11:52:25","guid":{"rendered":"https:\/\/work.retinawebagency.com\/vetcenter1\/?page_id=1883"},"modified":"2026-01-29T07:54:18","modified_gmt":"2026-01-29T11:54:18","slug":"accesibilitate","status":"publish","type":"page","link":"https:\/\/work.retinawebagency.com\/vetcenter1\/accesibilitate\/","title":{"rendered":"Accesibilitate"},"content":{"rendered":"<div class=\"fusion-fullwidth fullwidth-box fusion-builder-row-1 fusion-flex-container nonhundred-percent-fullwidth non-hundred-percent-height-scrolling\" style=\"--awb-border-radius-top-left:0px;--awb-border-radius-top-right:0px;--awb-border-radius-bottom-right:0px;--awb-border-radius-bottom-left:0px;--awb-flex-wrap:wrap;\" ><div class=\"fusion-builder-row fusion-row fusion-flex-align-items-flex-start fusion-flex-content-wrap\" style=\"max-width:1206.4px;margin-left: calc(-4% \/ 2 );margin-right: calc(-4% \/ 2 );\"><div class=\"fusion-layout-column fusion_builder_column fusion-builder-column-0 fusion_builder_column_1_1 1_1 fusion-flex-column\" style=\"--awb-bg-size:cover;--awb-width-large:100%;--awb-margin-top-large:74px;--awb-spacing-right-large:1.92%;--awb-margin-bottom-large:89px;--awb-spacing-left-large:1.92%;--awb-width-medium:100%;--awb-spacing-right-medium:1.92%;--awb-spacing-left-medium:1.92%;--awb-width-small:100%;--awb-spacing-right-small:1.92%;--awb-spacing-left-small:1.92%;\"><div class=\"fusion-column-wrapper fusion-flex-justify-content-flex-start fusion-content-layout-column\"><div class=\"fusion-text fusion-text-1\"><h2>Accesibilitate<\/h2>\n<p>Acest site respect\u0103 standardele WCAG 2.1 nivel AA pentru a fi accesibil persoanelor cu dizabilit\u0103\u021bi. Dac\u0103 \u00eent\u00e2mpina\u021bi dificult\u0103\u021bi \u00een navigarea site-ului, ne pute\u021bi contacta la <a href=\"mailto:contact@vetcenter.ro\">contact@vetcenter.ro<\/a>.<\/p>\n<\/div><\/div><\/div><\/div><\/div>\n","protected":false},"excerpt":{"rendered":"","protected":false},"author":1,"featured_media":0,"parent":0,"menu_order":0,"comment_status":"closed","ping_status":"closed","template":"100-width.php","meta":{"footnotes":""},"class_list":["post-1883","page","type-page","status-publish","hentry"],"aioseo_notices":[],"_links":{"self":[{"href":"https:\/\/work.retinawebagency.com\/vetcenter1\/wp-json\/wp\/v2\/pages\/1883","targetHints":{"allow":["GET"]}}],"collection":[{"href":"https:\/\/work.retinawebagency.com\/vetcenter1\/wp-json\/wp\/v2\/pages"}],"about":[{"href":"https:\/\/work.retinawebagency.com\/vetcenter1\/wp-json\/wp\/v2\/types\/page"}],"author":[{"embeddable":true,"href":"https:\/\/work.retinawebagency.com\/vetcenter1\/wp-json\/wp\/v2\/users\/1"}],"replies":[{"embeddable":true,"href":"https:\/\/work.retinawebagency.com\/vetcenter1\/wp-json\/wp\/v2\/comments?post=1883"}],"version-history":[{"count":3,"href":"https:\/\/work.retinawebagency.com\/vetcenter1\/wp-json\/wp\/v2\/pages\/1883\/revisions"}],"predecessor-version":[{"id":1886,"href":"https:\/\/work.retinawebagency.com\/vetcenter1\/wp-json\/wp\/v2\/pages\/1883\/revisions\/1886"}],"wp:attachment":[{"href":"https:\/\/work.retinawebagency.com\/vetcenter1\/wp-json\/wp\/v2\/media?parent=1883"}],"curies":[{"name":"wp","href":"https:\/\/api.w.org\/{rel}","templated":true}]}}